ist the prime factors of c/48 - (3281/(-6) + 2).
5, 109
Let b(j) = -j**3 - 11*j**2 - 10*j + 25. Let f be b(-10). What are the prime factors of (f + -24)/((-3)/(-2196))?
2, 3, 61
Let t be (0 + -5 - -2) + (-9)/3. Let l be (-1)/(t + 4)*(8 + 2). Suppose x + 4*q - 175 = -48, 0 = 5*x + l*q - 665. List the prime factors of x.
3, 5
Let q(z) = 717*z**2 - 38*z + 19. List the prime factors of q(-5).
2, 9067
Let i(f) = -f - 607. Let n be i(0). List the prime factors of n/(-4) + (5/4)/5.
2, 19
Suppose -10*t = -7*t + 4*j - 93499, -2*j - 124680 = -4*t. What are the prime factors of t?
71, 439
Let q = 35999 + -2772. List the prime factors of q.
149, 223
Let n be 1 - (2/8 + 21/28). Suppose -5*h + 4*g + 256 = n, -2*h = h + g - 140. Suppose -5 = -i + h. What are the prime factors of i?
53
Suppose 44 = 4*c - 2*s, -3*c + 52 = 2*c - 4*s. Suppose 4*a + 236 = 2*l, 0 = -0*a + 4*a - c. Suppose 0*d - 2*d = -l. What are the prime factors of d?
2, 31
Let g = -46836 + 71055. List the prime factors of g.
3, 13, 23
Let w = 106 - 95. Let i(s) = -39*s - 108*s - w*s - 9. List the prime factors of i(-1).
149
Suppose -80 = -6*t - 20. Let s be (-6)/15 + (-206)/t. What are the prime factors of 12*(s/(-28) - 21/(-12))?
2, 3, 5
List the prime factors of (-296817)/(-54)*2 + (-8)/36.
10993
Let w(p) = -2*p**2 - 32*p - 48. Let f be w(-15). What are the prime factors of 0 + 0 - 120*f/6?
2, 3, 5
Let k(x) = -x**2 + 12*x + 7. Let y be k(12). Suppose -3*h - 408 = -y*h. Suppose h = n + 2*o, -4*o - 87 = -n - 3*o. List the prime factors of n.
2, 23
Let u = 23696 + -15057. List the prime factors of u.
53, 163
Suppose -6 = 79*w - 81*w. Suppose 0 = w*x + 5*x - 6464. Suppose 0 = -4*t - t + 4*g + x, -g + 318 = 2*t. What are the prime factors of t?
2, 5
Let c(o) = o**3 + 7*o**2 + 8*o - 2. Let l be c(-5). Suppose 651 = l*k - 5*k - 5*a, 0 = -a + 3. List the prime factors of k.
2, 3, 37
Let h = 13393 - 4549. What are the prime factors of h?
2, 3, 11, 67
Suppose -3*q + 62*o = 65*o - 50880, 4*q + 5*o - 67835 = 0. List the prime factors of q.
3, 5, 13, 29
Let d be -2*((-6)/(-8))/(18/(-5196)). Let y = 1050 - d. What are the prime factors of y?
617
Let i(c) = -2111*c**3 - 26*c**2 - 2*c - 10. List the prime factors of i(-2).
2, 8389
Let h be (-44)/(4/(12 - 4)). Let u = -86 - h. Suppose -u*o + 152 = -18. List the prime factors of o.
5, 17
Let l = 65 + -66. Let y be 0/l*27/(-54). Suppose s = -3*x + 56, -4*s - 3*x + 229 - 32 = y. List the prime factors of s.
47
Let y = 1527 - 880. Suppose -4*o + 5*b = -y, o + b - 124 = 49. What are the prime factors of o?
2, 3, 7
Let z(g) = -4*g**3 + 30*g**2 + 16*g + 1. Let d be z(8). Let n(q) = 277*q**2 - 29*q + 30. What are the prime factors of n(d)?
2, 139
Let f(l) = -14*l**2 + 820*l - 4. What are the prime factors of f(44)?
2, 2243
Suppose 3222 = 5*u + a, -6*u - 5*a = -u - 3230. Suppose -u = -4*i + 1020. List the prime factors of i.
2, 13
Suppose 155*h = 150*h - 30. List the prime factors of 4 + 412*((-39)/h - 4).
2, 11, 47
Suppose -3*u = -5*f - 226, -5*f + 497 = 4*u + 149. List the prime factors of (u/4 + -3)/1*54.
3, 5, 7
Let q(o) = 43*o**2 - 833*o + 47. List the prime factors of q(24).
7, 13, 53
Let v be (32/12 - 4)*3/2. Let w be 2*(-1 + (-8)/(-2) + v). Suppose -w*d = 4*g + d - 128, -3*g + 2*d = -96. What are the prime factors of g?
2
What are the prime factors of ((-2)/(-4))/(11*12/607464)?
3, 13, 59
What are the prime factors of (21948/295)/(1/120)?
2, 3, 31
Let b be 1 - -4 - (-1 - -3). Let f = 4445 + -2658. Suppose 5*y - 1133 = -b*w, f = 5*y + 5*w + 662. List the prime factors of y.
229
Suppose -b + 7*w + 17282 = 9*w, -2*b = -6*w - 34534. What are the prime factors of b?
2, 7, 617
Suppose 90 + 84 = 2*v - 4*p, -4*v - p + 321 = 0. Let w = v - -259. Let z = w + -128. What are the prime factors of z?
2, 53
Let o(h) = h**3 - 11*h**2 + 3*h + 21. Suppose 18*t = -128 + 380. List the prime factors of o(t).
3, 7, 31
Let d = -8547 - -14438. Suppose d + 6829 = 40*z. What are the prime factors of z?
2, 3, 53
Let p(h) = -8*h**2 + 88*h + 5. Let b be p(11). Suppose b*t - 25*t + 2140 = 0. List the prime factors of t.
107
Suppose g + a - 1754 = 0, g - 5*a - 1756 = -7*a. What are the prime factors of (g/(-15))/(-8)*35?
7, 73
Let b(p) = -2*p**3 + 2*p**2 - 2*p + 3. Let h be b(3). What are the prime factors of (-6)/h - (-5653)/13?
3, 5, 29
Suppose -6300 = -18*i + 13*i. Suppose -i = -3*h - 36. What are the prime factors of h?
2, 3, 17
Let h(a) be the first derivative of 41*a**3/6 - 7*a**2/2 - 19*a + 8. Let v(c) be the first derivative of h(c). List the prime factors of v(3).
2, 29
Suppose -64 = 4*g + 4*y, -3*y - 28 = g + g. Let k = g + 68. Suppose -189 = -4*r + 4*s + 35, r + s - k = 0. What are the prime factors of r?
2, 13
Let b(y) = 3346*y + 8687. What are the prime factors of b(11)?
7, 67, 97
Let f = 129205 + -71481. What are the prime factors of f?
2, 14431
Suppose 789*o + 4*y - 49380 = 785*o, 0 = o - y - 12343. What are the prime factors of o?
2, 1543
Suppose -51*b + 54*b - 3 = 0. Let q(g) = 4*g**2 + 2*g - 2. Let r be q(b). Suppose 0 = 5*p + r - 144. What are the prime factors of p?
2, 7
Let n be (-4)/(-6) - 442/(-39). Suppose 17*g = n*g + 110. Suppose -i + g = -13. List the prime factors of i.
5, 7
Let q be ((-11)/22)/(2*(-1)/12). Suppose 3*j = -q*n + 3276, 3*j = 5*n - 2*n + 3288. List the prime factors of j.
2, 547
Let p be 4*(117/12 - (-1)/(-2)). Suppose -39*c = -p*c + 630. List the prime factors of (-4)/(12/c)*(-8)/(-12).
2, 5, 7
Let w = -293 + 301. List the prime factors of 106050/200 + 6/w.
3, 59
Let r be 3 + ((-54)/3)/((-2)/324). Let o be r/(-28)*(-24)/9. Let b = o - 132. What are the prime factors of b?
2, 73
Suppose 9 = -u - 8*u. Let t = -91 - 23. List the prime factors of (u*t/18)/(1/3).
19
Let r(d) = -1313*d + 9670. What are the prime factors of r(-12)?
2, 12713
Let f(h) = 1975*h**2 + 53*h + 97. What are the prime factors of f(-2)?
13, 607
Let w = 4836 + -2528. List the prime factors of w.
2, 577
Suppose -676704 = -308*o + 260*o. List the prime factors of o.
2, 7, 19, 53
Let o be 540/24*4/6. Let x(j) = -2*j - 3 + 3*j**2 + 1 - 6*j**2 - o*j**3. List the prime factors of x(-2).
2, 5, 11
Suppose 621 + 1369 = 10*u. Suppose -194*f + u*f = 6055. List the prime factors of f.
7, 173
Let w = -4 + 6. Let n be 2 - 5/w - (-1629)/6. Suppose n = 5*t - 749. List the prime factors of t.
2, 3, 17
What are the prime factors of -2*(-6)/(-20) + (-2268831)/(-235)?
2, 3, 1609
Let m be (2 + 2)*-1 - (0 + 11). What are the prime factors of m/(-4 + 7) + 444?
439
Suppose -2*r + 49330 - 1468 - 308 = 0. List the prime factors of r.
13, 31, 59
Suppose -5*i = -t + 31 - 13, -2*t + 18 = -4*i. List the prime factors of (-60)/48 - (t + 16756/(-16)).
7, 149
Suppose 0 = 23*d - 127 - 241. Suppose 0 = d*p - 2035 - 5805. What are the prime factors of p?
2, 5, 7
Suppose 0 = -3*n - n + 40. Suppose -n = -3*w - p, -5*w = -4*w - 3*p. Suppose -5*l - w*u + 183 = 0, 75 + 1 = 2*l + 4*u. List the prime factors of l.
2, 3
Suppose 0 = -56*i + 92461 + 299539. List the prime factors of i.
2, 5, 7
Let r(z) = 2*z**2 - 6*z - 688. Let b be r(0). Let f = b + 1003. List the prime factors of f.
3, 5, 7
Let r = -157 - -154. What are the prime factors of (4/r)/(14/(-10059) + 0)?
2, 479
List the prime factors of (47 + 328/(-1))/(1/(-5)).
5, 281
Let s = -33 - -38. Suppose r = -s*r + 1272. Suppose -109 = -a + d, 0*d - r = -2*a + 4*d. List the prime factors of a.
2, 7
Suppose 0 = 10*w - 43 + 3. Suppose w*k + 4*d - 62 + 14 = 0, -18 = -4*k + 2*d. Suppose 2*q - k*q = -750. What are the prime factors of q?
2, 3, 5
Suppose -6*v - 4*x = -7*v + 4802, -4*v = 4*x - 19368. What are the prime factors of v?
2, 2417
Suppose -2*l - 2 = 2*x, -24*l + 4 = -26*l - 4*x. Suppose 14*w - 6681 - 15649 = l. What are the prime factors of w?
5, 11, 29
Suppose -66 = -13*p + 14*p. Let i = 106 + p. What are the prime factors of i?
2, 5
Let a = 3836 + -3957. Let y = -47 + 256. Let u = a + y. List the prime factors of u.
2, 11
Let k = 3530 + -1046. What are the prime factors of k?
2, 3, 23
Let r = -29 - 2014. List the prime factors of (r/18)/((-1)/4).
2, 227
Suppose 0 = -7*h + 13889 + 14538. List the prime factors of h.
31, 131
List the prime factors of (109110/24 + -14)/((-9)/(-120)).
2, 5, 6043
Let n(l) = -l**2 - 3*l + 6. Let h be n(-6). Let s be (-1)/(4/h - 0). Supp